{"id":4,"date":"2019-07-24T14:27:43","date_gmt":"2019-07-24T14:27:43","guid":{"rendered":"https:\/\/cafealfonso.com\/?p=4"},"modified":"2019-07-24T14:27:43","modified_gmt":"2019-07-24T14:27:43","slug":"lunch","status":"publish","type":"page","link":"https:\/\/cafealfonso.com\/?page_id=4","title":{"rendered":"Lunch"},"content":{"rendered":"<h1>Lunch<\/h1>\n<div>Make the most out of your lunch break with our delicious starters, entr\u00e9es and desserts from Monday to Friday, 11.30 am to 2 pm. <\/div>\n<div>03.04.<\/div>\n<h2>Monday<\/h2>\n<hr>\n<ul>\n<li>\n<h3>Italian cornsalad with bacon, fruits and vinaigrette<\/h3>\n<p>5.80<\/p>\n<\/li>\n<li>\n<h3>Burrata in tomato sugo with oven baked bread<\/h3>\n<p>6.90<\/p>\n<\/li>\n<li>\n<h3>Slow-roasted glazed duck with port wine sauce<\/h3>\n<p>12.00<\/p>\n<\/li>\n<li>\n<h3>Salmon with spring potatoes and a seasonal salad<\/h3>\n<p>11.00<\/p>\n<\/li>\n<li>\n<h3>Basil-citrus panna cotta on strawberry mirror<\/h3>\n<p>4.90<\/p>\n<\/li>\n<\/ul>\n<div>04.04.<\/div>\n<h2>Tuesday<\/h2>\n<hr>\n<ul>\n<li>\n<h3>Catch of the day sea scallops with brown lime butter<\/h3>\n<p>9.80<\/p>\n<\/li>\n<li>\n<h3>Indian cauliflower and red lentil curry with coconut<\/h3>\n<p>6.60<\/p>\n<\/li>\n<li>\n<h3>Beef medallions, oven baked potato and watercress salad<\/h3>\n<p>14.50<\/p>\n<\/li>\n<li>\n<h3>Stuffed chicken with blanched spinach<\/h3>\n<p>10.90<\/p>\n<\/li>\n<li>\n<h3>Chocolate lava cake with mango mascarpone<\/h3>\n<p>5.10<\/p>\n<\/li>\n<\/ul>\n<div>05.04.<\/div>\n<h2>Wednesday<\/h2>\n<hr>\n<ul>\n<li>\n<h3>Moroccan fusion Gazpacho with toasted pumpkin seeds<\/h3>\n<p>5.10<\/p>\n<\/li>\n<li>\n<h3>Quinoa stuffed oven squash with garlic<\/h3>\n<p>7.90<\/p>\n<\/li>\n<li>\n<h3>Lamb chops with mint sauce<\/h3>\n<p>16.90<\/p>\n<\/li>\n<li>\n<h3>Slow cooked quail with paprika and rosemary<\/h3>\n<p>15.90<\/p>\n<\/li>\n<li>\n<h3>Organic fruit salad with bourbon vanilla ice cream<\/h3>\n<p>6.50<\/p>\n<\/li>\n<\/ul>\n<div>06.04.<\/div>\n<h2>Thursday<\/h2>\n<hr>\n<ul>\n<li>\n<h3>Carrot miso soup with dried ginger chips<\/h3>\n<p>5.10<\/p>\n<\/li>\n<li>\n<h3>Vietnamese noodles with beef, herbs and lime dressing<\/h3>\n<p>8.00<\/p>\n<\/li>\n<li>\n<h3>Tuna steak with reduced soy sauce and courgetti noodles<\/h3>\n<p>17.60<\/p>\n<\/li>\n<li>\n<h3>Chicken drum sticks with oven baked vegetables<\/h3>\n<p>8.90<\/p>\n<\/li>\n<li>\n<h3>Cardamom Cr\u00e8me br\u00fbl\u00e9e with orange filets<\/h3>\n<p>5.40<\/p>\n<\/li>\n<\/ul>\n<div>07.04.<\/div>\n<h2>Friday<\/h2>\n<hr>\n<ul>\n<li>\n<h3>Fennel carrot salat with sesame seeds<\/h3>\n<p>5.80<\/p>\n<\/li>\n<li>\n<h3>Beef stew with home made bread<\/h3>\n<p>7.50<\/p>\n<\/li>\n<li>\n<h3>Tuna Tartar with capers, dip and home made bread<\/h3>\n<p>13.60<\/p>\n<\/li>\n<li>\n<h3>Grilled goat\u2019s cheese with Jam\u00f3n Serrano and honeyed figs<\/h3>\n<p>9.90<\/p>\n<\/li>\n<li>\n<h3>Aunt Sue\u2019s caramel, chocolate shortbread<\/h3>\n<p>3.90<\/p>\n<\/li>\n<\/ul>\n<p><!--more--><br \/>\n<!-- {\"name\":\"About\",\"type\":\"layout\",\"children\":[{\"name\":\"Menu\",\"type\":\"section\",\"props\":{\"width\":\"default\",\"padding\":\"large\",\"style\":\"default\",\"padding_remove_top\":false,\"image_size\":\"cover\",\"image_position\":\"center-center\",\"image\":\"wp-content\\\/uploads\\\/yootheme\\\/lunch-bg.jpg\",\"image_fixed\":true,\"animation\":\"fade\",\"vertical_align\":\"middle\",\"title_position\":\"top-left\",\"title_rotation\":\"left\",\"title_breakpoint\":\"xl\",\"image_width\":\"1920\",\"image_effect\":\"fixed\",\"image_loading\":true},\"children\":[{\"name\":\"\",\"type\":\"row\",\"children\":[{\"name\":\"\",\"type\":\"column\",\"props\":{\"image_position\":\"center-center\",\"style\":\"default\",\"padding\":\"large\",\"width_medium\":\"1-1\",\"position_sticky_breakpoint\":\"m\",\"media_overlay_gradient\":\"\"},\"children\":[{\"name\":\"\",\"type\":\"headline\",\"props\":{\"title_element\":\"h1\",\"content\":\"Lunch\",\"text_align\":\"center\",\"title_style\":\"h2\"}},{\"name\":\"\",\"type\":\"text\",\"props\":{\"column_breakpoint\":\"m\",\"margin\":\"large\",\"content\":\"Make the most out of your lunch break with our delicious starters, entr\\u00e9es and desserts from Monday to Friday, 11.30 am to 2 pm. \",\"text_align\":\"center\",\"maxwidth\":\"large\",\"margin_remove_top\":true,\"block_align\":\"center\"}},{\"name\":\"\",\"type\":\"text\",\"props\":{\"column_breakpoint\":\"m\",\"margin\":\"\",\"content\":\"03.04.\",\"text_align\":\"center\",\"margin_remove_bottom\":false}},{\"name\":\"\",\"type\":\"headline\",\"props\":{\"title_element\":\"h2\",\"content\":\"Monday\",\"title_style\":\"h3\",\"text_align\":\"center\",\"margin_remove_top\":false,\"margin\":\"small\",\"margin_remove_bottom\":false}},{\"name\":\"\",\"type\":\"divider\",\"props\":{\"divider_element\":\"hr\",\"divider_style\":\"small\",\"divider_align\":\"center\"}},{\"name\":\"\",\"type\":\"description_list\",\"props\":{\"show_link\":true,\"layout\":\"grid-2-m\",\"maxwidth\":\"xlarge\",\"margin\":\"large\",\"list_size\":\"large\",\"show_title\":true,\"show_meta\":true,\"show_content\":true,\"meta_style\":\"\",\"meta_align\":\"bottom\",\"meta_color\":\"primary\",\"block_align\":\"center\",\"title_grid_column_gap\":\"small\",\"title_grid_row_gap\":\"small\",\"title_grid_width\":\"expand\",\"title_leader\":true,\"list_element\":\"ul\",\"column_breakpoint\":\"m\",\"title_element\":\"div\"},\"children\":[{\"name\":\"\",\"type\":\"description_list_item\",\"props\":{\"title\":\"Italian cornsalad with bacon, fruits and vinaigrette\",\"content\":\"\",\"meta\":\"5.80\"}},{\"name\":\"\",\"type\":\"description_list_item\",\"props\":{\"title\":\"Burrata in tomato sugo with oven baked bread\",\"content\":\"\",\"meta\":\"6.90\"}},{\"name\":\"\",\"type\":\"description_list_item\",\"props\":{\"title\":\"Slow-roasted glazed duck with port wine sauce\",\"content\":\"\",\"meta\":\"12.00\"}},{\"name\":\"\",\"type\":\"description_list_item\",\"props\":{\"title\":\"Salmon with spring potatoes and a seasonal salad\",\"content\":\"\",\"meta\":\"11.00\"}},{\"name\":\"\",\"type\":\"description_list_item\",\"props\":{\"title\":\"Basil-citrus panna cotta on strawberry mirror\",\"content\":\"\",\"meta\":\"4.90\"}}]},{\"name\":\"\",\"type\":\"text\",\"props\":{\"column_breakpoint\":\"m\",\"margin\":\"xlarge\",\"content\":\"04.04.\",\"text_align\":\"center\",\"margin_remove_bottom\":true}},{\"name\":\"\",\"type\":\"headline\",\"props\":{\"title_element\":\"h2\",\"content\":\"Tuesday\",\"title_style\":\"h3\",\"text_align\":\"center\",\"margin_remove_top\":false,\"margin\":\"small\"}},{\"name\":\"\",\"type\":\"divider\",\"props\":{\"divider_element\":\"hr\",\"divider_style\":\"small\",\"divider_align\":\"center\"}},{\"name\":\"\",\"type\":\"description_list\",\"props\":{\"show_link\":true,\"layout\":\"grid-2-m\",\"maxwidth\":\"xlarge\",\"margin\":\"large\",\"list_size\":\"large\",\"show_title\":true,\"show_meta\":true,\"show_content\":true,\"meta_style\":\"\",\"meta_align\":\"bottom\",\"meta_color\":\"primary\",\"block_align\":\"center\",\"title_grid_column_gap\":\"small\",\"title_grid_row_gap\":\"small\",\"title_grid_width\":\"expand\",\"title_leader\":true,\"list_element\":\"ul\",\"column_breakpoint\":\"m\",\"title_element\":\"div\"},\"children\":[{\"name\":\"\",\"type\":\"description_list_item\",\"props\":{\"title\":\"Catch of the day sea scallops with brown lime butter\",\"content\":\"\",\"meta\":\"9.80\"}},{\"name\":\"\",\"type\":\"description_list_item\",\"props\":{\"title\":\"Indian cauliflower and red lentil curry with coconut\",\"content\":\"\",\"meta\":\"6.60\"}},{\"name\":\"\",\"type\":\"description_list_item\",\"props\":{\"title\":\"Beef medallions, oven baked potato and watercress salad\",\"content\":\"\",\"meta\":\"14.50\"}},{\"name\":\"\",\"type\":\"description_list_item\",\"props\":{\"title\":\"Stuffed chicken with blanched spinach\",\"content\":\"\",\"meta\":\"10.90\"}},{\"name\":\"\",\"type\":\"description_list_item\",\"props\":{\"title\":\"Chocolate lava cake with mango mascarpone\",\"content\":\"\",\"meta\":\"5.10\"}}]},{\"name\":\"\",\"type\":\"text\",\"props\":{\"column_breakpoint\":\"m\",\"margin\":\"xlarge\",\"content\":\"05.04.\",\"text_align\":\"center\",\"margin_remove_bottom\":true}},{\"name\":\"\",\"type\":\"headline\",\"props\":{\"title_element\":\"h2\",\"content\":\"Wednesday\",\"title_style\":\"h3\",\"text_align\":\"center\",\"margin_remove_top\":false,\"margin\":\"small\"}},{\"name\":\"\",\"type\":\"divider\",\"props\":{\"divider_element\":\"hr\",\"divider_style\":\"small\",\"divider_align\":\"center\"}},{\"name\":\"\",\"type\":\"description_list\",\"props\":{\"show_link\":true,\"layout\":\"grid-2-m\",\"maxwidth\":\"xlarge\",\"margin\":\"large\",\"list_size\":\"large\",\"show_title\":true,\"show_meta\":true,\"show_content\":true,\"meta_style\":\"\",\"meta_align\":\"bottom\",\"meta_color\":\"primary\",\"block_align\":\"center\",\"title_grid_column_gap\":\"small\",\"title_grid_row_gap\":\"small\",\"title_grid_width\":\"expand\",\"title_leader\":true,\"list_element\":\"ul\",\"column_breakpoint\":\"m\",\"title_element\":\"div\"},\"children\":[{\"name\":\"\",\"type\":\"description_list_item\",\"props\":{\"title\":\"Moroccan fusion Gazpacho with toasted pumpkin seeds\",\"content\":\"\",\"meta\":\"5.10\"}},{\"name\":\"\",\"type\":\"description_list_item\",\"props\":{\"title\":\"Quinoa stuffed oven squash with garlic\",\"content\":\"\",\"meta\":\"7.90\"}},{\"name\":\"\",\"type\":\"description_list_item\",\"props\":{\"title\":\"Lamb chops with mint sauce\",\"content\":\"\",\"meta\":\"16.90\"}},{\"name\":\"\",\"type\":\"description_list_item\",\"props\":{\"title\":\"Slow cooked quail with paprika and rosemary\",\"content\":\"\",\"meta\":\"15.90\"}},{\"name\":\"\",\"type\":\"description_list_item\",\"props\":{\"title\":\"Organic fruit salad with bourbon vanilla ice cream\",\"content\":\"\",\"meta\":\"6.50\"}}]},{\"name\":\"\",\"type\":\"text\",\"props\":{\"column_breakpoint\":\"m\",\"margin\":\"xlarge\",\"content\":\"06.04.\",\"text_align\":\"center\",\"margin_remove_bottom\":true}},{\"name\":\"\",\"type\":\"headline\",\"props\":{\"title_element\":\"h2\",\"content\":\"Thursday\",\"title_style\":\"h3\",\"text_align\":\"center\",\"margin_remove_top\":false,\"margin\":\"small\"}},{\"name\":\"\",\"type\":\"divider\",\"props\":{\"divider_element\":\"hr\",\"divider_style\":\"small\",\"divider_align\":\"center\"}},{\"name\":\"\",\"type\":\"description_list\",\"props\":{\"show_link\":true,\"layout\":\"grid-2-m\",\"maxwidth\":\"xlarge\",\"margin\":\"large\",\"list_size\":\"large\",\"show_title\":true,\"show_meta\":true,\"show_content\":true,\"meta_style\":\"\",\"meta_align\":\"bottom\",\"meta_color\":\"primary\",\"block_align\":\"center\",\"title_grid_column_gap\":\"small\",\"title_grid_row_gap\":\"small\",\"title_grid_width\":\"expand\",\"title_leader\":true,\"list_element\":\"ul\",\"column_breakpoint\":\"m\",\"title_element\":\"div\"},\"children\":[{\"name\":\"\",\"type\":\"description_list_item\",\"props\":{\"title\":\"Carrot miso soup with dried ginger chips\",\"content\":\"\",\"meta\":\"5.10\"}},{\"name\":\"\",\"type\":\"description_list_item\",\"props\":{\"title\":\"Vietnamese noodles with beef, herbs and lime dressing\",\"content\":\"\",\"meta\":\"8.00\"}},{\"name\":\"\",\"type\":\"description_list_item\",\"props\":{\"title\":\"Tuna steak with reduced soy sauce and courgetti noodles\",\"content\":\"\",\"meta\":\"17.60\"}},{\"name\":\"\",\"type\":\"description_list_item\",\"props\":{\"title\":\"Chicken drum sticks with oven baked vegetables\",\"content\":\"\",\"meta\":\"8.90\"}},{\"name\":\"\",\"type\":\"description_list_item\",\"props\":{\"title\":\"Cardamom Cr\\u00e8me br\\u00fbl\\u00e9e with orange filets\",\"content\":\"\",\"meta\":\"5.40\"}}]},{\"name\":\"\",\"type\":\"text\",\"props\":{\"column_breakpoint\":\"m\",\"margin\":\"xlarge\",\"content\":\"07.04.\",\"text_align\":\"center\",\"margin_remove_bottom\":true}},{\"name\":\"\",\"type\":\"headline\",\"props\":{\"title_element\":\"h2\",\"content\":\"Friday\",\"title_style\":\"h3\",\"text_align\":\"center\",\"margin_remove_top\":false,\"margin\":\"small\"}},{\"name\":\"\",\"type\":\"divider\",\"props\":{\"divider_element\":\"hr\",\"divider_style\":\"small\",\"divider_align\":\"center\"}},{\"name\":\"\",\"type\":\"description_list\",\"props\":{\"show_link\":true,\"layout\":\"grid-2-m\",\"maxwidth\":\"xlarge\",\"margin\":\"large\",\"list_size\":\"large\",\"show_title\":true,\"show_meta\":true,\"show_content\":true,\"meta_style\":\"\",\"meta_align\":\"bottom\",\"meta_color\":\"primary\",\"block_align\":\"center\",\"title_grid_column_gap\":\"small\",\"title_grid_row_gap\":\"small\",\"title_grid_width\":\"expand\",\"title_leader\":true,\"list_element\":\"ul\",\"column_breakpoint\":\"m\",\"title_element\":\"div\"},\"children\":[{\"name\":\"\",\"type\":\"description_list_item\",\"props\":{\"title\":\"Fennel carrot salat with sesame seeds\",\"content\":\"\",\"meta\":\"5.80\"}},{\"name\":\"\",\"type\":\"description_list_item\",\"props\":{\"title\":\"Beef stew with home made bread\",\"content\":\"\",\"meta\":\"7.50\"}},{\"name\":\"\",\"type\":\"description_list_item\",\"props\":{\"title\":\"Tuna Tartar with capers, dip and home made bread\",\"content\":\"\",\"meta\":\"13.60\"}},{\"name\":\"\",\"type\":\"description_list_item\",\"props\":{\"title\":\"Grilled goat\\u2019s cheese with Jam\\u00f3n Serrano and honeyed figs\",\"content\":\"\",\"meta\":\"9.90\"}},{\"name\":\"\",\"type\":\"description_list_item\",\"props\":{\"title\":\"Aunt Sue\\u2019s caramel, chocolate shortbread\",\"content\":\"\",\"meta\":\"3.90\"}}]}]}],\"props\":[]}]}],\"version\":\"3.0.0-beta.5\",\"props\":[]} --><\/p>\n","protected":false},"excerpt":{"rendered":"<p>Lunch Make the most out of your lunch break with our delicious starters, entr\u00e9es and desserts from Monday to Friday, 11.30 am to 2 pm. 03.04. Monday Italian cornsalad with bacon, fruits and vinaigrette 5.80 Burrata in tomato sugo with oven baked bread 6.90 Slow-roasted glazed duck with port wine sauce 12.00 Salmon with spring [&hellip;]<\/p>\n","protected":false},"author":1,"featured_media":0,"parent":0,"menu_order":6,"comment_status":"open","ping_status":"open","template":"","meta":{"footnotes":""},"class_list":["post-4","page","type-page","status-publish","hentry"],"acf":[],"_links":{"self":[{"href":"https:\/\/cafealfonso.com\/index.php?rest_route=\/wp\/v2\/pages\/4","targetHints":{"allow":["GET"]}}],"collection":[{"href":"https:\/\/cafealfonso.com\/index.php?rest_route=\/wp\/v2\/pages"}],"about":[{"href":"https:\/\/cafealfonso.com\/index.php?rest_route=\/wp\/v2\/types\/page"}],"author":[{"embeddable":true,"href":"https:\/\/cafealfonso.com\/index.php?rest_route=\/wp\/v2\/users\/1"}],"replies":[{"embeddable":true,"href":"https:\/\/cafealfonso.com\/index.php?rest_route=%2Fwp%2Fv2%2Fcomments&post=4"}],"version-history":[{"count":0,"href":"https:\/\/cafealfonso.com\/index.php?rest_route=\/wp\/v2\/pages\/4\/revisions"}],"wp:attachment":[{"href":"https:\/\/cafealfonso.com\/index.php?rest_route=%2Fwp%2Fv2%2Fmedia&parent=4"}],"curies":[{"name":"wp","href":"https:\/\/api.w.org\/{rel}","templated":true}]}}